{"id":25208,"date":"2024-08-29T20:19:09","date_gmt":"2024-08-30T01:19:09","guid":{"rendered":"https:\/\/iensecan.edu.co\/?page_id=25208"},"modified":"2025-06-10T13:19:02","modified_gmt":"2025-06-10T18:19:02","slug":"politica-proteccion-de-datos","status":"publish","type":"page","link":"https:\/\/iensecan.edu.co\/index.php\/politica-proteccion-de-datos\/","title":{"rendered":"POL\u00cdTICA PROTECCI\u00d3N DE DATOS"},"content":{"rendered":"\t\t<div data-elementor-type=\"wp-page\" data-elementor-id=\"25208\" class=\"elementor elementor-25208\" data-elementor-post-type=\"page\">\n\t\t\t\t<div class=\"elementor-element elementor-element-3a99213 e-flex e-con-boxed e-con e-parent\" data-id=\"3a99213\" data-element_type=\"container\">\n\t\t\t\t\t<div class=\"e-con-inner\">\n\t\t\t\t<div class=\"elementor-element elementor-element-bc94867 elementor-widget elementor-widget-heading\" data-id=\"bc94867\" data-element_type=\"widget\" data-widget_type=\"heading.default\">\n\t\t\t\t<div class=\"elementor-widget-container\">\n\t\t\t\t\t<h2 class=\"elementor-heading-title elementor-size-default\">POL\u00cdTICA DE PROTECCI\u00d3N DE DATOS<\/h2>\t\t\t\t<\/div>\n\t\t\t\t<\/div>\n\t\t\t\t\t<\/div>\n\t\t\t\t<\/div>\n\t\t\t\t<section class=\"elementor-section elementor-top-section elementor-element elementor-element-65c7813b elementor-section-boxed elementor-section-height-default elementor-section-height-default\" data-id=\"65c7813b\" data-element_type=\"section\">\n\t\t\t\t\t\t<div class=\"elementor-container elementor-column-gap-default\">\n\t\t\t\t\t<div class=\"elementor-column elementor-col-100 elementor-top-column elementor-element elementor-element-6a1e54bf\" data-id=\"6a1e54bf\" data-element_type=\"column\">\n\t\t\t<div class=\"elementor-widget-wrap elementor-element-populated\">\n\t\t\t\t\t\t<div class=\"elementor-element elementor-element-6d7a4205 elementor-widget elementor-widget-text-editor\" data-id=\"6d7a4205\" data-element_type=\"widget\" data-widget_type=\"text-editor.default\">\n\t\t\t\t<div class=\"elementor-widget-container\">\n\t\t\t\t\t\t\t\t\t<h1><b style=\"color: #07073d; word-spacing: 0.1em; font-size: 16px;\">POL\u00cdTICAS IENSECAN &#8211; Mi Colombia Digital<\/b><\/h1><div><b style=\"color: #07073d; word-spacing: 0.1em; font-size: 16px;\">\u00a0<\/b><\/div><article><p style=\"text-align: justify;\"><b>A continuaci\u00f3n podr\u00e1s consultar los t\u00e9rminos y condiciones y las pol\u00edticas de privacidad de informaci\u00f3n y el tratamiento de datos personales de la soluci\u00f3n que debes tener en cuenta para el uso correcto del servicio de portales territoriales <\/b>ofrecidos por el Gobierno Digital; recuerda dar clic en los t\u00edtulos para conocer m\u00e1s:<\/p><h2>\u00a0<\/h2><\/article><h1><span style=\"color: #0000ff;\"><a style=\"color: #0000ff;\" href=\"https:\/\/home.micolombiadigital.gov.co\/territorial\/soporte\/sobre-las-bases-de-datos\">Sobre las bases de datos.<\/a><\/span><\/h1><h1><span style=\"color: #0000ff;\"><a style=\"color: #0000ff;\" href=\"https:\/\/home.micolombiadigital.gov.co\/territorial\/soporte\/sobre-la-adquisicion-de-informacion\" target=\"\" rel=\"noopener\">Sobre la adquisici\u00f3n de informaci\u00f3n.<\/a><\/span><\/h1><h1><span style=\"color: #0000ff;\"><a style=\"color: #0000ff;\" href=\"https:\/\/home.micolombiadigital.gov.co\/territorial\/soporte\/sobre-las-copias-de-seguridad\" target=\"\" rel=\"noopener\">Sobre las copias de seguridad.<\/a><\/span><\/h1><h1><span style=\"color: #0000ff;\"><a style=\"color: #0000ff;\" href=\"https:\/\/home.micolombiadigital.gov.co\/territorial\/soporte\/sobre-el-registro-de-usuario\" target=\"\" rel=\"noopener\">Sobre el Registro de Usuario.<\/a><\/span><\/h1><h1><span style=\"color: #0000ff;\"><a style=\"color: #0000ff;\" href=\"https:\/\/home.micolombiadigital.gov.co\/territorial\/soporte\/gestion-de-sesiones-seguras\" target=\"\" rel=\"noopener\">Gesti\u00f3n de Sesiones Seguras.<\/a><\/span><\/h1><h1><span style=\"color: #0000ff;\"><a style=\"color: #0000ff;\" href=\"https:\/\/home.micolombiadigital.gov.co\/territorial\/soporte\/terminos-y-condiciones-de-uso---mi-colombia-digital\" target=\"\" rel=\"noopener\">T\u00e9rminos y condiciones de uso SCD &#8211; Mi Colombia Digital.<\/a><\/span><\/h1><h1><span style=\"color: #0000ff;\"><a style=\"color: #0000ff;\" href=\"https:\/\/home.micolombiadigital.gov.co\/territorial\/soporte\/politicas-de-privacidad-y-tratamiento-de-datos\" target=\"\" rel=\"noopener\">Pol\u00edticas de privacidad y tratamiento de datos.<\/a><\/span><\/h1><h1><span style=\"color: #0000ff;\"><a style=\"color: #0000ff;\" href=\"https:\/\/home.micolombiadigital.gov.co\/territorial\/soporte\/uso-de-cookies---mi-colombia-digital\" target=\"\" rel=\"noopener\">Uso de Cookies &#8211; Mi Colombia Digital<\/a>.<\/span><\/h1><h1>\u00a0<\/h1><p><style>\n  a {font-size: 100px;}<br \/><\/style><\/p>\t\t\t\t\t\t\t\t<\/div>\n\t\t\t\t<\/div>\n\t\t\t\t\t<\/div>\n\t\t<\/div>\n\t\t\t\t\t<\/div>\n\t\t<\/section>\n\t\t\t\t<\/div>\n\t\t","protected":false},"excerpt":{"rendered":"<p>POL\u00cdTICA DE PROTECCI\u00d3N DE DATOS POL\u00cdTICAS IENSECAN &#8211; Mi Colombia Digital \u00a0 A continuaci\u00f3n podr\u00e1s consultar los t\u00e9rminos y condiciones y las pol\u00edticas de privacidad de informaci\u00f3n y el tratamiento de datos personales de la soluci\u00f3n que debes tener en cuenta para el uso correcto del servicio de portales territoriales<span class=\"more-link\"><a href=\"https:\/\/iensecan.edu.co\/index.php\/politica-proteccion-de-datos\/\">SIGUE LEYENDO<\/a><\/span><\/p>\n","protected":false},"author":1,"featured_media":0,"parent":0,"menu_order":0,"comment_status":"closed","ping_status":"closed","template":"","meta":{"footnotes":""},"class_list":["entry","author-admin","post-25208","page","type-page","status-publish"],"_links":{"self":[{"href":"https:\/\/iensecan.edu.co\/index.php\/wp-json\/wp\/v2\/pages\/25208","targetHints":{"allow":["GET"]}}],"collection":[{"href":"https:\/\/iensecan.edu.co\/index.php\/wp-json\/wp\/v2\/pages"}],"about":[{"href":"https:\/\/iensecan.edu.co\/index.php\/wp-json\/wp\/v2\/types\/page"}],"author":[{"embeddable":true,"href":"https:\/\/iensecan.edu.co\/index.php\/wp-json\/wp\/v2\/users\/1"}],"replies":[{"embeddable":true,"href":"https:\/\/iensecan.edu.co\/index.php\/wp-json\/wp\/v2\/comments?post=25208"}],"version-history":[{"count":70,"href":"https:\/\/iensecan.edu.co\/index.php\/wp-json\/wp\/v2\/pages\/25208\/revisions"}],"predecessor-version":[{"id":28791,"href":"https:\/\/iensecan.edu.co\/index.php\/wp-json\/wp\/v2\/pages\/25208\/revisions\/28791"}],"wp:attachment":[{"href":"https:\/\/iensecan.edu.co\/index.php\/wp-json\/wp\/v2\/media?parent=25208"}],"curies":[{"name":"wp","href":"https:\/\/api.w.org\/{rel}","templated":true}]}}